3)/(-27) + 4/x prime?
True
Let q = 10 - 7. Is (-13 + 4)/(q/(-2)) composite?
True
Suppose 3*l = -o + 11, -3*l = -5*l + 3*o - 11. Let j be 9/(-6) + l/4. Let v = j + 32. Is v prime?
True
Let l(u) = 4 - 5 - 2 + 39*u + 9*u. Is l(2) composite?
True
Let g = 1050 + -643. Is g prime?
False
Let p be (3 - 17) + 4 - 4. Let n(u) = 3*u**2 - 15. Is n(p) a composite number?
True
Suppose 2*r - 4 - 9 = -j, 2*j = 2. Let n = -6 + 8. Suppose -212 = -r*s + n*s. Is s a composite number?
False
Let w(g) = g + 3. Let t be w(0). Suppose -p + t*p = 0. Suppose 4*i + p*i - 844 = 0. Is i prime?
True
Let i = 65 - 12. Is i a prime number?
True
Is 3*2/(-2) + 296 a composite number?
False
Suppose -3*q + 15 = 2*q. Suppose 4*m - 5*r = -27, -5*r + 8 + 16 = -q*m. Let f(p) = 2*p**2 - 5*p - 2. Is f(m) a composite number?
False
Let b be (-54)/45*380/(-6). Let w be 4/(2 + -1) - 0. Suppose w*h - 2*h = b. Is h a prime number?
False
Let c(m) = 3*m - 6. Suppose -5*w = -13 - 7. Let s be c(w). Suppose -d + s = d. Is d a prime number?
True
Suppose 1310 = 5*c + 495. Is c composite?
False
Let b(c) = -3*c**3 - c**2 - 2*c - 4. Let t(g) = -2*g**3 - 2*g - 3. Let p(u) = 3*b(u) - 4*t(u). Let x be p(-5). Suppose 0 = m - 5*m + x. Is m a composite number?
True
Let l(p) = -p + 36. Let m be l(0). Is 1899/m - (-2)/8 composite?
False
Let o(w) = 0*w - 9*w + w**3 + 2*w + 6*w**2 - 7. Is o(-5) prime?
True
Suppose 0 = -3*k + 4*k + w - 1, -3*k = 2*w - 1. Is k + 32*3*2 composite?
False
Is (471/2)/((-1)/(-2)) a composite number?
True
Let w(l) = 2*l - 1. Let c be w(5). Is (2 - (c - 0))/(-1) prime?
True
Suppose 5*x = 3*m + 44, 3*m - x - 7 = -59. Let o = m + 27. Suppose -10 = -c + o. Is c a prime number?
True
Let d(c) be the first derivative of 1 - 1/2*c**2 + 2*c. Is d(-4) prime?
False
Let b be 1*-2 - (-3 + 0). Is (-157)/(2 - (b + 2)) composite?
False
Suppose 35 = -0*r + 5*r. Let y(o) = o**3 - 5*o**2 - 10*o + 5. Is y(r) a composite number?
True
Let z(v) = 1731*v + 10. Is z(5) a composite number?
True
Let s be 8/(-4) + (5 - 0). Suppose -s*m + 111 + 144 = 0. Is m prime?
False
Let d = 49 - 18. Is d prime?
True
Let s be (7 - 2) + -1 + 1. Suppose 2*u - 6 = -u. Suppose 237 = s*a + u. Is a a composite number?
False
Let w(n) = -n**2 - 3*n + 3. Let q = -3 + 0. Let x be w(q). Suppose -4*p - p + 999 = 2*l, -5*p + x*l = -1014. Is p prime?
False
Let y be (-8)/((-3)/(1989/6)). Suppose 4*u - 5*j - 582 = y, 1480 = 4*u + 2*j. Is (-2)/(-7) + u/7 composite?
False
Let p = 5 + -5. Let m(b) = -18*b + 2. Let t be m(-4). Suppose -5*h + 448 = -j, h + p*h + 5*j - t = 0. Is h composite?
False
Is 3 - 12/3 - -558 prime?
True
Suppose -3*p - 7 = -1, 0 = 2*w - 4*p + 908. Let u = -151 - w. Is u composite?
False
Let k(h) = 2*h**2 - 3*h - 2. Suppose -3*w + 3*p = w - 34, -w = 4*p - 18. Let m = w + -5. Is k(m) a prime number?
False
Let d(l) = l**3 + 8*l**2 + 8*l + 9. Let k be d(-7). Suppose k*f = -f + 390. Suppose -3*p - f = -5*p. Is p composite?
True
Let q(t) = 11*t - 11. Suppose 4*j - 16 = 16. Is q(j) prime?
False
Let n(i) = -275*i**3 - i. Let z be n(-1). Suppose 0 = -2*p - z + 1182. Is p a composite number?
True
Is (-4 + 2154)/2 - -4 prime?
False
Let j(g) = 6*g**2 + 4*g - 1. Suppose 2 = 2*k, -y + 1 = -5*k + 2. Suppose x + y = -0. Is j(x) composite?
False
Suppose -3*m + i = -21 - 587, -m + 176 = 5*i. Is m a prime number?
False
Let d(w) = w + 65. Let l(z) = z**3 - z**2 + z - 1. Let p(s) = -5*s**3 + 2*s**2 - 5*s + 2. Let k(r) = 4*l(r) + p(r). Let h be k(-2). Is d(h) prime?
False
Let k = 10 + 0. Suppose -19 = b - w - w, 0 = -5*w - k. Let i = 33 + b. Is i a prime number?
False
Let s be (2/(-1) + 2)/(-2). Suppose 2*f - f - 105 = s. Suppose 5*a - 3*j - f = 2*j, -a + 21 = 3*j. Is a a composite number?
True
Suppose 0 = z + 3*m + 11, -z - 4*z - 15 = 5*m. Let d be 3/(-3) - (40 + z). Let v = d - -63. Is v prime?
False
Let c be (28/10)/(4/10). Is c*11 + (-2)/(-1) composite?
False
Suppose -36 = 2*q + 60. Let g = -14 - q. Is g prime?
False
Suppose -4*y + 21 = -g, g = -g - 5*y + 23. Suppose 3*x - 4 = 4*a, -3*x + 3 = -3*a - 8*x. Is (7 - 0)*g*a composite?
False
Let m be (15/6)/((-3)/(-6)). Suppose m*v = v + 340. Is v prime?
False
Let f(k) = -k**3 + 2*k**2 + 2*k - 1. Let s be f(2). Suppose h - 2*j - 2 - 10 = 0, 8 = s*h + j. Suppose -h*z = z - 175. Is z a prime number?
False
Let d be 2 - (1 + -6 + 2). Suppose -d*m + 679 = -4*m - 2*t, 0 = -4*t - 4. Is m a prime number?
True
Suppose -2*b + 12 = b. Suppose 4*i = -4*o + 120, 0*i - 128 = -b*o + 4*i. Is o composite?
False
Let u = 12 - 213. Let t = 32 - u. Is t a prime number?
True
Let j(w) = -w**2 + 12*w + 13. Let x be j(13). Let s(o) = 2*o + 143. Is s(x) a composite number?
True
Suppose -3*v + 143 = -v - 5*l, 0 = 2*l + 10. Is v a prime number?
True
Is (-3 + (1 - -3))*1*631 prime?
True
Is (147 + 1)*(-3)/(-6) a composite number?
True
Let v = -25 - -79. Suppose -4*f - 5*l + 204 = -v, -l = -f + 69. Is f composite?
False
Is 1 + (-2 - (-14 + -2)) a composite number?
True
Suppose 4*r = 5 + 71. Suppose 0 = -x + r + 28. Let u = -28 + x. Is u composite?
False
Let v = -24 + 42. Is 5095/45 - 4/v composite?
False
Let y(w) = w**3 + 8*w**2 - 5*w + 3. Suppose 4*t = 2*t - 8. Is y(t) a composite number?
True
Let a = -9 + 7. Let t be (a + -1)*(-8)/(-6). Is (-62)/t*(-2 + 4) composite?
False
Let u = 1 - -1. Suppose -3*j - j + u*x + 848 = 0, -x - 844 = -4*j. Let d = j - 141. Is d a composite number?
True
Suppose 0*a + 2*a + 4*s - 124 = 0, -4*a - 3*s = -248. Is a prime?
False
Let m(u) = u**3 + u**2 - 2*u + 1. Let r be m(2). Suppose -f = -r + 2. Suppose f*j = 3*j + 100. Is j a prime number?
False
Suppose -4*m - 8 = -6*m. Let r(d) = -d**3 + 3*d**2 + 4*d - 2. Let v(p) = -p**3 + 4*p**2 + 5*p - 1. Let c(b) = m*r(b) - 3*v(b). Is c(-4) a composite number?
True
Let f = 208 - -189. Is f a prime number?
True
Let d(m) = -7*m - 3. Let j be d(-2). Let n(a) be the first derivative of -a**4/4 + 14*a**3/3 + 4*a - 6. Is n(j) a prime number?
True
Suppose 0 = -y - 3*y + 92. Let z = 0 - 2. Let q = z + y. Is q composite?
True
Suppose t + 0 = 5. Suppose -t*y = -1606 + 351. Is y composite?
False
Suppose 2 = 2*f - 4. Suppose k + k + f*o = 6, k - 4*o = -8. Suppose 0 = 2*x + 5*n - 314, 2*x + n = -k*n + 314. Is x composite?
False
Suppose -2*q + 5*c + 121 = 0, -2*q + 59 = -q - 2*c. Suppose -3*j - 4*i = -144 - q, -2*i = -4*j + 226. Is j prime?
True
Let m = 3 + 4. Is m*-2*(-172)/8 prime?
False
Suppose 5*h = -2*z + 1514, z = 2*z + 4*h - 751. Is z a composite number?
True
Let v(u) = 2*u**2 + 4*u + 1. Is v(-9) a composite number?
False
Suppose 0 = 2*y + y - 9, -3*r + 5*y = -258. Suppose -k = -f - r, -4*f + k - 329 = 4*k. Let p = 151 + f. Is p prime?
False
Let w(n) = -55*n. Let i be w(-1). Suppose 380 + i = 5*o. Is o prime?
False
Let p(f) = 249*f + 1. Let o be p(3). Let a = o - 431. Is a a composite number?
False
Suppose 3*p + 6 - 24 = 0. Suppose -2*n + 12 = 5*d, -2*d + 16 = -p*n + 4*n. Suppose 4*l - m - 512 = 0, d*l + 2*m - 528 = 7*m. Is l composite?
False
Let g = -320 - -212. Let p be ((-2)/(-4))/((-1)/374). Let y = g - p. Is y prime?
True
Suppose 5445 - 691 = 4*i - 2*n, -4*i + 4*n + 4760 = 0. Is i composite?
False
Let t(z) = -2 - 3 + 20*z + 24*z. Is t(3) prime?
True
Let w(p) = p**3 + 4*p**2 - 4*p + 4. Let a be w(-5). Let z = a + 82. Let c = -28 + z. Is c a prime number?
True
Let v(a) be the second derivative of -a**3/3 + 2*a**2 + a. Let x be v(-8). Suppose -2*h + 0*h = -x. Is h prime?
False
Suppose -5*v = z - 71, -2*z = -3*z + 2*v + 50. Suppose -4*c + 3*c - 350 = -4*k, 4*k - 358 = 5*c. Let f = k - z. Is f composite?
False
Let l be 2/(-11) + (-4272)/(-22). Suppose 5*p - 3*y - 306 - l = 0, 5*p = y + 490. Let q = -38 + p. Is q prime?
True
Is ((123440/24)/(-5))/(2/(-3)) a prime number?
True
Is (4 + -282 + 4)/(-1) composite?
True
Suppose 4*i + 5*l - 137 = 216, 4*l - 91 = -i. Is i a composite number?
True
Let m be ((-3)/(-2))/((-3)/12). Is 4/(-12) - 476/m composite?
False
Suppose -3*c + 6*c - 217 = -n, -2*n + c + 455 = 0. Is n a composite number?
True
Let p(f) = -f. Let a be p(-4). Suppose -10 - 10 = -a*c. Suppose 5*z - 134 = -c*k - 54, -3*z + 22 = k. Is k prime?
True
Suppose -3*b + 10*u = 5*u - 2498, 3*b - u - 2506 = 0. Suppose 3*a - b = -a. Is a composite?
True
Let m(v) = -3*v**3 + v**2 + 3*v + 1 + v + 2*v**3 + v**2. Suppose u + 13 = 5*g, 4*g + 13 = -5*u + 3*g. Is m(u) a compos